 11
39374
What is 40410631 (base 7) in base 9?
6286627
3d43cd (base 14) to base 9
3887384
-11110772 (base 8) to base 6
-123211402
Convert 173967 (base 10) to base 5.
21031332
What is 391b36 (base 14) in base 4?
13133202010
Convert 221130 (base 6) to base 9.
27230
Convert -103102132232 (base 4) to base 14.
-958a18
What is -7263660 (base 8) in base 7?
-22244222
What is -5069 (base 11) in base 3?
-100020021
Convert 3305141 (base 8) to base 15.
127de8
-1130310322 (base 4) to base 8
-1346472
What is 37450 (base 13) in base 7?
602542
What is -212320212 (base 4) in base 12?
-78206
-136445522 (base 7) to base 9
-17867258
What is -6ba172 (base 14) in base 16?
-381c48
Convert -211443212 (base 5) to base 8.
-3313100
What is -2142143 (base 5) in base 10?
-37173
What is 1010001010010110101110 (base 2) in base 15?
379454
195bc (base 15) to base 8
240576
Convert 2220412 (base 5) to base 4.
21133021
-a430 (base 15) to base 7
-203103
What is 68a1b8 (base 13) in base 8?
11350710
What is 1000101100101110110010 (base 2) in base 14?
435078
What is 1100101101000111111 (base 2) in base 11?
264872
100111010011000001100100 (base 2) to base 15
d87495
Convert -3097498 (base 10) to base 8.
-13641632
What is 15905451 (base 10) in base 8?
74531253
What is 543734 (base 8) in base 10?
182236
What is -2258bb (base 13) in base 3?
-1112021010110
Convert -1222331123 (base 4) to base 9.
-736865
5161314 (base 7) to base 10
619959
Convert -110021122112 (base 3) to base 6.
-5103152
Convert 230517 (base 10) to base 2.
111000010001110101
What is 2ac30c (base 14) in base 2?
101101100100101011000
796977 (base 11) to base 10
1268285
-a4363 (base 15) to base 5
-113124033
Convert -220fa5 (base 16) to base 5.
-1032412404
What is -1011101010110010111101 (base 2) in base 10?
-3058877
Convert 101101110111111111101 (base 2) to base 15.
1ea604
-824158 (base 13) to base 6
-145025504
-81742 (base 12) to base 13
-5ba0c
-b4507 (base 12) to base 15
-49caa
What is -2532016 (base 7) in base 2?
-1001111111001000011
Convert -66d63 (base 14) to base 10.
-249595
What is 14131144 (base 5) in base 3?
21101222222
d5652 (base 14) to base 10
514376
What is -326236 (base 9) in base 15?
-3cae3
What is 1233313021 (base 4) in base 8?
1576711
Convert -16c103c (base 13) to base 16.
-70e87b
What is -1a59c (base 15) in base 6?
-1500303
Convert 100011001000101011011111 (base 2) to base 6.
525225343
-106a5 (base 14) to base 12
-1abb5
What is -51bcb (base 14) in base 8?
-601047
Convert 11000201000 (base 3) to base 16.
1358d
-23d10e (base 15) to base 6
-100430335
Convert -34522 (base 12) to base 9.
-115748
What is 2a35d (base 16) in base 7?
1320030
What is -1112111011211 (base 3) in base 4?
-3013113202
11111010000111001000 (base 2) to base 14
1c94b6
363026 (base 11) to base 10
575020
-50520511 (base 6) to base 9
-2636127
a2a48 (base 11) to base 2
100100101100111110
What is -153847 (base 12) in base 8?
-1274767
What is 243036 (base 11) in base 14?
a02a6
Convert -1002102213 (base 4) to base 12.
-111173
Convert -11144241413 (base 5) to base 11.
-7063499
-15a552 (base 12) to base 13
-cc899
11011100101001110011101 (base 2) to base 7
115312532
What is 9eded (base 16) in base 6?
21540353
-20a56 (base 14) to base 5
-10010433
What is 111434 (base 11) in base 13?
62a73
Convert -441728 (base 9) to base 10.
-263762
2110012112000 (base 3) to base 5
313144401
Convert -1aba00 (base 13) to base 8.
-2465410
What is 11036011 (base 7) in base 9?
1707707
What is 242340 (base 5) in base 14?
3459
Convert -7236527 (base 8) to base 9.
-3540533
-122001222102 (base 3) to base 15
-69888
28321 (base 16) to base 12
7b341
-69986 (base 13) to base 6
-4044242
What is 55b87 (base 13) in base 14?
40a9a
What is -1000001111001110011 (base 2) in base 7?
-2202665
What is -882483 (base 14) in base 2?
-10001100111000001110011
Convert 140045235 (base 6) to base 10.
2805719
3041190 (base 10) to base 3
12201111201200
What is 95874 (base 11) in base 3?
21002022200
Convert 171207 (base 10) to base 11.
1076a3
What is 4454430 (base 8) in base 3?
2021002110102
What is -4111224304 (base 5) in base 12?
-2946136
What is 2153a3 (base 11) in base 8?
1237502
Convert -1012101020211 (base 3) to base 14.
-128398
What is 11021222342 (base 5) in base 10?
11898472
Convert 17372 (base 15) to base 12.
37508
Convert -c74e9 (base 15) to base 3.
-1012010021110
-8b127 (base 14) to base 9
-564260
112244130 (base 5) to base 7
4220545
Convert -88623 (base 14) to base 4.
-1100223313
Convert -1002012244 (base 5) to base 14.
-39972c
What is -30126527 (base 8) in base 9?
-12826112
Convert 1b7c5 (base 13) to base 9.
82150
109ab (base 12) to base 4
11122103
What is -727374 (base 10) in base 2?
-10110001100101001110
-111010101100000101 (base 2) to base 13
-85556
-31211232 (base 6) to base 7
-10452314
What is -112324a (base 11) in base 3?
-10200220002121
Convert 716aa1 (base 11) to base 16.
119149
Convert -244126 (base 7) to base 4.
-22321303
Convert -1500b (base 16) to base 2.
-10101000000001011
2d495 (base 15) to base 16
23af5
Convert a688c9 (base 13) to base 6.
215355125
Convert -532703 (base 10) to base 13.
-158612
Convert 83ab27 (base 14) to base 6.
235154051
What is -10422543 (base 6) in base 12?
-131a53
1415aa1 (base 14) to base 11
554a113
Convert 251218 (base 11) to base 7.
3242066
337924 (base 11) to base 6
15304244
-94d2ca (base 14) to base 7
-60520443
462061 (base 8) to base 6
3205321
-25102 (base 15) to base 14
-311ba
10100012000 (base 3) to base 15
14730
What is 1172146 (base 8) in base 7?
2521451
Convert -535066 (base 9) to base 3.
-121012002020
What is 3525174 (base 9) in base 4?
13101130303
Convert 163b28 (base 14) to base 7.
6422251
What is -121c45 (base 16) in base 7?
-13042210
What is -ea906 (base 16) in base 15?
-13ea19
Convert 5312b9 (base 13) to base 3.
10122210210221
What is 211333322232 (base 4) in base 14?
1474218
Convert -954558 (base 12) to base 10.
-2350868
Convert 20120111122000 (base 3) to base 7.
41461041
df5f (base 16) to base 12
29113
-111210201210211 (base 3) to base 16
-6ff244
What is 1001111100100100011 (base 2) in base 15?
66883
-11354366 (base 7) to base 16
-f5681
Convert 32032202 (base 5) to base 15.
54537
Convert b243d (base 15) to base 16.
89d67
Convert -7e571 (base 16) to base 3.
-222021212021
What is -930a5 (base 13) in base 3?
-111101211110
Convert 778602 (base 15) to base 5.
2424321402
What is 50778 (base 13) in base 2?
100011001011010111
Convert -f9969 (base 16) to base 2.
-11111001100101101001
Convert -140b8 (base 14) to base 4.
-30012102
What is 3037330 (base 8) in base 12?
328508
196b03 (base 13) to base 14
12a682
What is -21200220122 (base 3) in base 2?
-100101000000010000
-2b731 (base 13) to base 15
-196ac
-771121 (base 10) to base 9
-1404701
-111001111010101010110 (base 2) to base 12
-776332
-13bb23 (base 15) to base 16
-e8263
What is -3311221 (base 7) in base 8?
-1431321
Convert 240200352 (base 6) to base 9.
8410465
Convert -223022044 (base 6) to base 13.
-ac2c31
What is 4c1086 (base 16) in base 11?
28a5308
What is -7a44 (base 13) in base 2?
-100001011100101
What is -120030131212 (base 4) in base 14?
-bb159c
What is 20403433 (base 5) in base 16?
2951b
What is -854920 (base 14) in base 7?
-53212140
-471998 (base 10) to base 3
-212222110102
What is 14113255 (base 6) in base 9?
805428
-360c3 (base 13) to base 16
-182d0
Convert 15830858 (base 9) to base 3.
112221000221222
Convert -20021411 (base 5) to base 13.
-56a42
Convert 37ccb7 (base 13) to base 9.
2465317
1064576 (base 12) to base 9
5772230
What is 1611 (base 8) in base 4?
32021
Convert 202032 (base 4) to base 15.
9b0
What is 10021102200 (base 4) in base 2?
100001001010010100000
-1010010100111100011110 (base 2) to base 16
-294f1e
What is 1964eb (base 16) in base 9?
3115810
Convert 1b6712 (base 12) to base 11.
303976
What is -10011010111110100110011 (base 2) in base 3?
-100120000011001
What is 11770 (base 16) in base 6?
1311104
-464086 (base 11) to base 12
-2b6938
Convert 78892 (base 13) to base 9.
363334
What is 148769a (base 13) in base 7?
106506405
What is -110110110011010000011 (base 2) in base 15?
-2570e5
Convert 62761 (base 16) to base 7.
3266536
134045112 (base 7) to base 2
100001010000010001011011
What is 102002021122020 (base 3) in base 2?
10110011110001011100001
What is a2e43 (base